) = -k**2 + 5*k - 13. Let a be c(7). Suppose -3*h - 44 = 2*t - 1, -5*t = -h - 20. Let p = h - a. What is the tens digit of p?
1
Let d(l) = -l**2 - l + 1. Let j(m) = 6*m**2 + 3*m - 6. Let u(z) = 5*d(z) + j(z). What is the tens digit of u(5)?
1
Let i be (1 - -1)*(-2)/(-4). What is the units digit of i - (-6)/(-9)*-3?
3
Let p = 1 - -2. Suppose p*t = 7*t - 76. What is the tens digit of t?
1
Suppose -4 = i - 3*i. Suppose -i*u = u + j - 60, 0 = 2*j. What is the units digit of u?
0
Let l = -8 + 6. What is the units digit of ((-2)/l)/(1/2)?
2
Let t = 18 + 0. Let j = 8 - t. Let w = -7 - j. What is the units digit of w?
3
Let x(y) be the third derivative of -y**5/60 + 5*y**4/12 + 3*y**3/2 - 2*y**2. Let a(f) = -2*f - 2. Let b be a(-6). What is the units digit of x(b)?
9
Let t(l) = l**3 - 2*l**2 + l. Suppose j + 4 - 7 = 0. What is the units digit of t(j)?
2
Let q = 115 + -82. Suppose -q - 15 = -2*m. What is the units digit of m?
4
Let g(o) = o**2 - 2*o - 1. Let b be g(3). What is the units digit of ((-55)/(-10))/(b/4)?
1
Let i = -53 - -90. What is the tens digit of i?
3
Let r(w) = -w**3 - 4*w**2 - w - 1. Let f be r(-4). Suppose f*y - 4*m = 14, 3*m - 2*m = -5. What is the units digit of (-8)/(-6) - y/3?
2
Let v(f) = f**3 - f**2. Let t be v(1). Suppose -d + 5*d - 136 = t. Suppose 5*y - d = 61. What is the units digit of y?
9
Let t = 3 - -1. Suppose -i - t = -3*i. What is the units digit of i?
2
Let f be -6*((-25)/(-6))/(-5). Let c = f + 8. What is the units digit of c?
3
Suppose 314 = 8*w - 526. What is the tens digit of w?
0
What is the tens digit of 22/(-44) + (-474)/(-4)?
1
Let d(v) = -2*v**2 + 5*v + 9. Let i(a) = -3*a**2 + 8*a + 14. Let b(z) = 8*d(z) - 5*i(z). Let s = 1 - 1. What is the units digit of b(s)?
2
Suppose t - 2*j = 150, t + 3*j = -2*j + 157. What is the hundreds digit of t?
1
Let m(y) = y**2 - y - 4. Let c = 3 - 6. Let a be m(c). Suppose -2*b = a, -p - 3*b = -2*b - 2. What is the units digit of p?
6
Suppose -3*r + 144 = r. Suppose -2*q + r = q. What is the units digit of q?
2
Let g = -2 + -2. Let h be 2/g*(-6)/(-3). Let y = 1 - h. What is the units digit of y?
2
Suppose -36 = -5*z + 44. What is the units digit of z?
6
Let n = 23 + 67. Suppose w - 5*w + 78 = -2*z, 5*w - 4*z = n. What is the units digit of w?
2
Let q = -21 - -15. What is the units digit of (6/(-9))/(q/27)?
3
Suppose j - 8 = -3*j. Suppose -3*f - 1 = -16, -j*f = x - 19. What is the units digit of x?
9
Suppose 4*y = g + 11, 3*g + 0*g = y. Suppose -5 = y*o - 14. What is the units digit of o?
3
What is the tens digit of (-292)/(-3) + 10/15?
9
Let w(l) = 3*l**3 - l. Let n be w(1). Suppose u + 5*a - 135 = -n*u, 5*a = -4*u + 175. What is the tens digit of u?
4
Let q(w) = -6*w + 6. Let m(i) = -7*i + 7. Let s(y) = 5*m(y) - 6*q(y). What is the units digit of s(6)?
5
Let s(m) = -m - 5*m + 7*m**2 + 4*m + m + 1. What is the units digit of s(1)?
7
What is the tens digit of (2 - 1)/((-6)/(-708))?
1
Let k = 161 + -94. What is the units digit of k?
7
Let g(d) = -106*d**3 - d - 1. Let p be g(-1). Suppose p = 4*v + 30. What is the units digit of v?
9
Let l(c) = 212*c**3 - 4*c**2 + c + 2. What is the hundreds digit of l(1)?
2
Let f(m) = m + 1 - 9 - 6*m. What is the tens digit of f(-8)?
3
Suppose 2*j = -3*j + 20. Let r = 7 - j. Let y(q) = 6*q - 4. What is the units digit of y(r)?
4
Let c = -406 - -733. What is the units digit of c?
7
Let l be (5 - 4) + 0 + 0. Let w be (l + -17)*3/(-6). Let x = 11 - w. What is the units digit of x?
3
Let y(h) = h**2 - 2*h + 2. Let c be y(2). Suppose -s - s = -2*o + 22, c*o - 3*s = 27. What is the units digit of o?
6
Suppose 0 = 5*d - 4*y - 13, -5*d - 3*y = 1 - 0. Let q = -6 - d. Let m = 12 + q. What is the units digit of m?
5
Let z(w) be the third derivative of w**5/60 - 7*w**4/24 + 7*w**3/6 - 4*w**2. Let j be z(7). What is the units digit of (1/2)/(j/168)?
2
Suppose -2*v + 0*v + 18 = 0. What is the units digit of v?
9
Let p = 9 + -5. Suppose -3*u + u = -p. What is the units digit of u?
2
Suppose -2 = -l - 0. Suppose l*v - 51 = -v. What is the units digit of v?
7
Let f(l) be the third derivative of l**4/24 - 5*l**3/6 - 3*l**2. Let n(p) = 2*p**2 + 3*p - 2. Let y be n(-3). What is the units digit of f(y)?
2
What is the units digit of (67 - 7) + 4*1?
4
Let t(n) = -n**2 + 8*n + 4. What is the units digit of t(4)?
0
Suppose 0 = -2*p - 3*p. Suppose -2*h + 4 + 42 = p. What is the tens digit of h?
2
Suppose 3*s = 3*x + 3, -3*x + 6*x = s + 1. Let t = -212 + 215. Suppose -2*f - x = -t. What is the units digit of f?
1
Suppose -3*x - 12 = -6*x. Suppose 41 = 5*v + 4*d, 5*d + 1 = 5*v - x. Suppose -5*p + 45 = -v*t, 0 = 4*p + t + t - 30. What is the units digit of p?
8
Suppose 4*q - 2*q - 156 = 2*d, 0 = 5*q - 3*d - 386. What is the tens digit of q?
7
Let c(u) = -u**3 - 16*u**2 + 16*u + 14. What is the tens digit of c(-17)?
3
Let a(o) = -o + 16. Let g be a(9). Suppose 2*t = 2*j + 6*t - 22, g = 2*j - t. Suppose j*f - 22 = 23. What is the units digit of f?
9
Let z(q) = q**2 + 4*q + 4. Let y be z(-4). Suppose -c - y*c + 175 = 0. Suppose 2*i + 3*i = c. What is the units digit of i?
7
Let y(r) = -28*r + 4. Let m be y(-2). Suppose 3*z + m - 186 = 0. What is the units digit of z?
2
Let n(r) = r**3 - 4*r**2 + 4. Let x be n(4). Suppose -x*h = -8 - 8. Suppose 3*u = 2*k + 24, -4*u - 4*k = -16 + h. What is the units digit of u?
6
Suppose 4*c = -0*c + f + 260, 5*f = -4*c + 236. What is the units digit of c?
4
Suppose -5*w - x = -2, 5*x + 3 = -2*w + 13. Suppose w*u - 15 = -3*u, -2*b = -u - 11. What is the units digit of b?
8
Let j be ((-3)/4)/(2/(-8)). Let x be -10*(14/(-4) + j). Let a(u) = u + 1. What is the units digit of a(x)?
6
Suppose -3*r = 3*c + 198, -r - 170 = 3*c - 5*r. Let w be 2/8 - c/8. Suppose 0 = -3*f + 5*f - w. What is the units digit of f?
4
Let k(q) = 7*q + 12. What is the units digit of k(7)?
1
Let p be (3/2)/(3/4). Let w(b) = b**2 - 3*b + 1. Let c be w(p). Let k = c - -2. What is the units digit of k?
1
Let q(n) = -4*n**3 - 2*n**2 + n. Let r be q(1). Suppose -x + 4 = 9. What is the units digit of x/20 + r/(-4)?
1
Let v(h) be the first derivative of h**3/3 + 5*h**2/2 + 7*h - 3. What is the units digit of v(-5)?
7
Let k(v) = -44*v**3 - 2*v**2 + 1. What is the units digit of k(-1)?
3
Let s = 12 - 8. Suppose 0 = -0*y - y + s. What is the units digit of y?
4
Let k(i) = 2 + 2*i - 3*i**3 + 0 + 2*i**3 - i**2. Let v be (4/6)/(2/(-6)). What is the units digit of k(v)?
2
Suppose 4*y = j + 663, 349 = 2*y - 0*j + 3*j. What is the hundreds digit of y?
1
Suppose 0 + 4 = 4*j. Let w = j - -1. What is the units digit of w?
2
Let l(p) = p**3 - 8*p**2 + 2*p - 6. Let q = -3 - 2. Let t = 3 - q. What is the units digit of l(t)?
0
Suppose 0 = 2*i - 11 - 19. Let k = i + 2. What is the tens digit of k?
1
Let o be (-1 - 0)*1 + 1. Suppose 3*i = -w + 21, o = -5*i + 2*w + 23 + 12. What is the units digit of i?
7
Suppose -3*b - 1 - 5 = 0. Let c be b/8 - (-45)/20. Suppose c = -4*n + 14. What is the units digit of n?
3
Let w = -2 - -6. Suppose -w*i + 40 = -4*d, i - 3*d + 0 = 20. What is the units digit of i?
5
Let x be 185/35 - (-4)/(-14). Suppose 0*q + 24 = 2*a - q, 5*a - x*q - 70 = 0. What is the units digit of a?
0
Let o(x) = -3. Let a(d) = 0*d + d + 1 - 2*d. Let j(s) = -a(s) + o(s). What is the units digit of j(6)?
2
Let q(z) be the second derivative of 1/6*z**3 - z - 3/2*z**2 + 0. What is the units digit of q(5)?
2
Let g(v) = -3*v - 6. What is the units digit of g(-20)?
4
Let a = -10 + 6. Let u be 2/6 + (-4)/3. Let z = u - a. What is the units digit of z?
3
Suppose -f = 3*f - 16. Let i(c) = -c**2 + 8*c - 2. Let w be i(3). Suppose -w = -5*t + 3*t + v, 0 = 5*t + f*v. What is the units digit of t?
4
Let s be ((-96)/56)/(4/(-14)). Let r(c) = 5*c + 6. What is the tens digit of r(s)?
3
Let t = 5 - 6. Let q(p) = 5*p**2 + p. Let h be q(t). Suppose 2*c - 6 = 0, 2*f + f - h*c = 0. What is the units digit of f?
4
Let a(s) = -2*s - 7. Let o be a(7). What is the units digit of (-4)/(-14) - 99/o?
5
Suppose 49 = -n + 190. What is the tens digit of n?
4
Let h(x) = -7*x - 5. Let z(f) = -f - 10. Let s be z(-5). What is the tens digit of h(s)?
3
Suppose 0*w + 4*w = -16. What is the units digit of w*26*2/(-16)?
3
What is the tens digit of (-646)/(-10) - 12/(-30)?
6
Suppose 5*y + b = 9, -3*y - 24 + 11 = -4*b. Let j be 0/